ulate the remainder when 6992 is divided by 2327.
11
Calculate the remainder when 28322 is divided by 1415.
22
What is the remainder when 15900 is divided by 18?
6
What is the remainder when 4405 is divided by 788?
465
What is the remainder when 1477 is divided by 114?
109
Calculate the remainder when 6846 is divided by 2249.
99
What is the remainder when 2337 is divided by 323?
76
Calculate the remainder when 4794 is divided by 468.
114
Calculate the remainder when 234720 is divided by 39119.
6
Calculate the remainder when 89815 is divided by 273.
271
Calculate the remainder when 305032 is divided by 50838.
4
What is the remainder when 13770 is divided by 246?
240
What is the remainder when 133263 is divided by 42?
39
Calculate the remainder when 46773 is divided by 86.
75
What is the remainder when 3233 is divided by 562?
423
What is the remainder when 613 is divided by 533?
80
Calculate the remainder when 16915 is divided by 1144.
899
Calculate the remainder when 15344 is divided by 46.
26
Calculate the remainder when 6605 is divided by 66.
5
What is the remainder when 124108 is divided by 124098?
10
Calculate the remainder when 1051 is divided by 28.
15
Calculate the remainder when 223483 is divided by 131.
128
What is the remainder when 28089 is divided by 147?
12
Calculate the remainder when 37811 is divided by 1352.
1307
Calculate the remainder when 1336 is divided by 220.
16
What is the remainder when 51373 is divided by 1467?
28
What is the remainder when 2930 is divided by 159?
68
What is the remainder when 994273 is divided by 146?
13
Calculate the remainder when 76883 is divided by 447.
446
What is the remainder when 8607 is divided by 375?
357
What is the remainder when 6789 is divided by 67?
22
What is the remainder when 786 is divided by 128?
18
What is the remainder when 3343 is divided by 387?
247
Calculate the remainder when 463999 is divided by 131.
128
Calculate the remainder when 35681 is divided by 1486.
17
What is the remainder when 6604 is divided by 544?
76
What is the remainder when 3538 is divided by 45?
28
Calculate the remainder when 5453 is divided by 43.
35
Calculate the remainder when 4815 is divided by 276.
123
Calculate the remainder when 202380 is divided by 285.
30
What is the remainder when 671721 is divided by 317?
315
What is the remainder when 2405246 is divided by 750?
746
What is the remainder when 1186 is divided by 320?
226
What is the remainder when 148316 is divided by 283?
24
What is the remainder when 7285 is divided by 726?
25
Calculate the remainder when 7478 is divided by 3701.
76
Calculate the remainder when 38081 is divided by 18979.
123
Calculate the remainder when 268065 is divided by 89347.
24
What is the remainder when 114901 is divided by 38295?
16
Calculate the remainder when 11783 is divided by 33.
2
What is the remainder when 1706 is divided by 220?
166
What is the remainder when 12444 is divided by 1093?
421
What is the remainder when 505722 is divided by 27?
12
What is the remainder when 16748 is divided by 8?
4
Calculate the remainder when 115372 is divided by 82.
80
Calculate the remainder when 303217 is divided by 15.
7
What is the remainder when 6645 is divided by 415?
5
What is the remainder when 22091 is divided by 7363?
2
What is the remainder when 537566 is divided by 198?
194
What is the remainder when 6430 is divided by 1280?
30
What is the remainder when 1021 is divided by 175?
146
What is the remainder when 2525445 is divided by 23?
22
Calculate the remainder when 106426 is divided by 644.
166
Calculate the remainder when 1278 is divided by 635.
8
Calculate the remainder when 3613 is divided by 378.
211
What is the remainder when 1616 is divided by 322?
6
What is the remainder when 5707 is divided by 112?
107
What is the remainder when 9011 is divided by 1441?
365
Calculate the remainder when 1638 is divided by 26.
0
What is the remainder when 24203 is divided by 24178?
25
What is the remainder when 683 is divided by 579?
104
What is the remainder when 10773 is divided by 5378?
17
What is the remainder when 34102 is divided by 7?
5
Calculate the remainder when 134300 is divided by 55.
45
Calculate the remainder when 1418 is divided by 283.
3
What is the remainder when 135951 is divided by 1007?
6
Calculate the remainder when 99650 is divided by 3830.
70
What is the remainder when 95113 is divided by 351?
343
Calculate the remainder when 6381191 is divided by 12.
11
What is the remainder when 1741 is divided by 47?
2
What is the remainder when 4915 is divided by 611?
27
What is the remainder when 3718 is divided by 40?
38
What is the remainder when 57861 is divided by 163?
159
Calculate the remainder when 4072 is divided by 97.
95
What is the remainder when 924 is divided by 182?
14
What is the remainder when 12095 is divided by 12?
11
What is the remainder when 34551 is divided by 384?
375
Calculate the remainder when 128279 is divided by 128276.
3
Calculate the remainder when 62179 is divided by 32.
3
Calculate the remainder when 63836 is divided by 13.
6
Calculate the remainder when 39589 is divided by 8.
5
Calculate the remainder when 131 is divided by 2.
1
What is the remainder when 172 is divided by 29?
27
Calculate the remainder when 1743 is divided by 46.
41
Calculate the remainder when 14381 is divided by 29.
26
What is the remainder when 330 is divided by 160?
10
What is the remainder when 45147 is divided by 199?
173
What is the remainder when 4283 is divided by 81?
71
What is the remainder when 447 is divided by 11?
7
Calculate the remainder when 75771 is divided by 6.
3
Calculate the remainder when 616696 is divided by 103.
35
Calculate the remainder when 187025 is divided by 850.
25
What is the remainder when 18063 is divided by 1061?
26
Calculate the remainder when 13235 is divided by 5.
0
What is the remainder when 126727 is divided by 19?
16
Calculate the remainder when 32282 is divided by 645.
32
Calculate the remainder when 800796 is divided by 800794.
2
What is the remainder when 2241 is divided by 281?
274
Calculate the remainder when 14613 is divided by 485.
63
Calculate the remainder when 17136 is divided by 35.
21
What is the remainder when 38138 is divided by 128?
122
Calculate the remainder when 45392 is divided by 22687.
18
What is the remainder when 23510 is divided by 157?
117
What is the remainder when 17438 is divided by 74?
48
What is the remainder when 5176616 is divided by 18?
14
Calculate the remainder when 24385 is divided by 146.
3
Calculate the remainder when 74268 is divided by 4639.
44
What is the remainder when 5359 is divided by 98?
67
What is the remainder when 5999 is divided by 608?
527
Calculate the remainder when 5816 is divided by 414.
20
What is the remainder when 3944 is divided by 1924?
96
What is the remainder when 5614 is divided by 16?
14
What is the remainder when 176465 is divided by 887?
839
What is the remainder when 196 is divided by 84?
28
What is the remainder when 100031 is divided by 42?
29
Calculate the remainder when 13052 is divided by 6510.
32
What is the remainder when 8991 is divided by 2205?
171
Calculate the remainder when 616037 is divided by 205342.
11
Calculate the remainder when 4120 is divided by 55.
50
Calculate the remainder when 4245279 is divided by 104.
103
What is the remainder when 17281 is divided by 1234?
5
Calculate the remainder when 2035 is divided by 675.
10
What is the remainder when 12142 is divided by 46?
44
Calculate the remainder when 2158 is divided by 614.
316
What is the remainder when 12192 is divided by 953?
756
What is the remainder when 1064170 is divided by 6?
4
Calculate the remainder when 873 is divided by 635.
238
What is the remainder when 12562 is divided by 182?
4
What is the remainder when 14938 is divided by 598?
586
What is the remainder when 302890 is divided by 516?
514
What is the remainder when 290654 is divided by 32?
30
What is the remainder when 2157 is divided by 129?
93
Calculate the remainder when 24671 is divided by 2466.
11
What is the remainder when 81417 is divided by 10?
7
What is the remainder when 6459 is divided by 133?
75
Calculate the remainder when 406320 is divided by 406252.
68
What is the remainder when 317102 is divided by 43?
20
Ca